{"id":62762,"date":"2024-01-19T09:23:21","date_gmt":"2024-01-19T14:23:21","guid":{"rendered":"https:\/\/lebouquetnew.brstdev.com\/custom-flower-wall-with-word\/"},"modified":"2025-08-13T06:22:24","modified_gmt":"2025-08-13T10:22:24","slug":"mur-de-fleurs-personnalise","status":"publish","type":"product","link":"https:\/\/lebouquet.brstdev.com\/fr\/mur-de-fleurs-personnalise\/","title":{"rendered":"Mur de fleurs personnalis\u00e9"},"content":{"rendered":"<p>Des pi\u00e8ces fun\u00e9raires personnalis\u00e9es \u00e0 la m\u00e9moire du d\u00e9funt. Des mots tels que Maman, Papa, Nonno, Nonna, Amis, Aim\u00e9, etc. peuvent \u00eatre superpos\u00e9s sur un mur de fleurs enti\u00e8rement naturel dans le th\u00e8me de votre choix. Les commandes pour ces pi\u00e8ces doivent \u00eatre pass\u00e9es au moins 7 jours avant le jour de la livraison. Cette pi\u00e8ce mesure 6 pieds de large par 2 pieds de haut. Le prix est susceptible de changer en fonction des fleurs et de la taille.<\/p>\n","protected":false},"excerpt":{"rendered":"<p>Des pi\u00e8ces fun\u00e9raires personnalis\u00e9es \u00e0 la m\u00e9moire du d\u00e9funt. Des mots tels que Maman, Papa, Nonno, Nonna, Amis, Aim\u00e9, etc. peuvent \u00eatre superpos\u00e9s sur un mur de fleurs enti\u00e8rement naturel dans le th\u00e8me de votre choix. Les commandes pour ces pi\u00e8ces doivent \u00eatre pass\u00e9es au moins 7 jours avant le jour de la livraison. Cette [&hellip;]<\/p>\n","protected":false},"featured_media":62733,"comment_status":"open","ping_status":"closed","template":"","meta":{"_acf_changed":false},"recipe":[],"product_brand":[],"product_cat":[7623,7620,7619,7624],"product_tag":[],"class_list":{"0":"post-62762","1":"product","2":"type-product","3":"status-publish","4":"has-post-thumbnail","6":"product_cat-customized-specialties","7":"product_cat-fleurs-funeraires-montreal","8":"product_cat-funeral-flowers-montreal","9":"product_cat-pieces-personnalisees-funeraire","11":"first","12":"instock","13":"shipping-taxable","14":"purchasable","15":"product-type-simple"},"acf":[],"_links":{"self":[{"href":"https:\/\/lebouquet.brstdev.com\/fr\/wp-json\/wp\/v2\/product\/62762","targetHints":{"allow":["GET"]}}],"collection":[{"href":"https:\/\/lebouquet.brstdev.com\/fr\/wp-json\/wp\/v2\/product"}],"about":[{"href":"https:\/\/lebouquet.brstdev.com\/fr\/wp-json\/wp\/v2\/types\/product"}],"replies":[{"embeddable":true,"href":"https:\/\/lebouquet.brstdev.com\/fr\/wp-json\/wp\/v2\/comments?post=62762"}],"wp:featuredmedia":[{"embeddable":true,"href":"https:\/\/lebouquet.brstdev.com\/fr\/wp-json\/wp\/v2\/media\/62733"}],"wp:attachment":[{"href":"https:\/\/lebouquet.brstdev.com\/fr\/wp-json\/wp\/v2\/media?parent=62762"}],"wp:term":[{"taxonomy":"recipe","embeddable":true,"href":"https:\/\/lebouquet.brstdev.com\/fr\/wp-json\/wp\/v2\/recipe?post=62762"},{"taxonomy":"product_brand","embeddable":true,"href":"https:\/\/lebouquet.brstdev.com\/fr\/wp-json\/wp\/v2\/product_brand?post=62762"},{"taxonomy":"product_cat","embeddable":true,"href":"https:\/\/lebouquet.brstdev.com\/fr\/wp-json\/wp\/v2\/product_cat?post=62762"},{"taxonomy":"product_tag","embeddable":true,"href":"https:\/\/lebouquet.brstdev.com\/fr\/wp-json\/wp\/v2\/product_tag?post=62762"}],"curies":[{"name":"wp","href":"https:\/\/api.w.org\/{rel}","templated":true}]}}

Mur de fleurs personnalisé

<p>Des pièces funéraires personnalisées à la mémoire du défunt. Des mots tels que Maman, Papa, Nonno, Nonna, Amis, Aimé, etc. peuvent être superposés sur un mur de fleurs entièrement naturel dans le thème de votre choix. Les commandes pour ces pièces doivent être passées au moins 7 jours avant le jour de la livraison. Cette pièce mesure 6 pieds de large par 2 pieds de haut. Le prix est susceptible de changer en fonction des fleurs et de la taille.</p>

<p>Des pièces funéraires personnalisées à la mémoire du défunt. Des mots tels que Maman, Papa, Nonno, Nonna, Amis, Aimé, etc. peuvent être superposés sur un mur de fleurs entièrement naturel dans le thème de votre choix. Les commandes pour ces pièces doivent être passées au moins 7 jours avant le jour de la livraison. Cette [&hellip;]</p>
