{"id":60798,"date":"2024-01-19T09:04:06","date_gmt":"2024-01-19T14:04:06","guid":{"rendered":"https:\/\/lebouquetnew.brstdev.com\/winter\/"},"modified":"2025-08-27T01:10:45","modified_gmt":"2025-08-27T05:10:45","slug":"hiver","status":"publish","type":"product","link":"https:\/\/lebouquet.brstdev.com\/fr\/hiver\/","title":{"rendered":"Hiver"},"content":{"rendered":"<p>Un coffret cadeau compos\u00e9 de 3 \u00e9l\u00e9ments: la composition florale<a href=\"https:\/\/www.lebouquet.com\/fr\/blanc-dhiver\"> &lsquo;<\/a>Blancs d&rsquo;hiver&rsquo;, un gnome beige, et un ensemble de d\u00e9coration festif \u00e0 suspendre (texte en anglais uniquement)!<\/p>\n","protected":false},"excerpt":{"rendered":"<p>Un coffret cadeau compos\u00e9 de 3 \u00e9l\u00e9ments: la composition florale &lsquo;Blancs d&rsquo;hiver&rsquo;, un gnome beige, et un ensemble de d\u00e9coration festif \u00e0 suspendre (texte en anglais uniquement)!<\/p>\n","protected":false},"featured_media":60785,"comment_status":"open","ping_status":"closed","template":"","meta":{"_acf_changed":false},"recipe":[],"product_brand":[],"product_cat":[17153,7569],"product_tag":[],"class_list":{"0":"post-60798","1":"product","2":"type-product","3":"status-publish","4":"has-post-thumbnail","6":"product_cat-fleurs-occasions-montreal","7":"product_cat-flower-occasions-montreal","9":"first","10":"instock","11":"shipping-taxable","12":"purchasable","13":"product-type-simple","14":"out_of_season_fr"},"acf":[],"_links":{"self":[{"href":"https:\/\/lebouquet.brstdev.com\/fr\/wp-json\/wp\/v2\/product\/60798","targetHints":{"allow":["GET"]}}],"collection":[{"href":"https:\/\/lebouquet.brstdev.com\/fr\/wp-json\/wp\/v2\/product"}],"about":[{"href":"https:\/\/lebouquet.brstdev.com\/fr\/wp-json\/wp\/v2\/types\/product"}],"replies":[{"embeddable":true,"href":"https:\/\/lebouquet.brstdev.com\/fr\/wp-json\/wp\/v2\/comments?post=60798"}],"wp:featuredmedia":[{"embeddable":true,"href":"https:\/\/lebouquet.brstdev.com\/fr\/wp-json\/wp\/v2\/media\/60785"}],"wp:attachment":[{"href":"https:\/\/lebouquet.brstdev.com\/fr\/wp-json\/wp\/v2\/media?parent=60798"}],"wp:term":[{"taxonomy":"recipe","embeddable":true,"href":"https:\/\/lebouquet.brstdev.com\/fr\/wp-json\/wp\/v2\/recipe?post=60798"},{"taxonomy":"product_brand","embeddable":true,"href":"https:\/\/lebouquet.brstdev.com\/fr\/wp-json\/wp\/v2\/product_brand?post=60798"},{"taxonomy":"product_cat","embeddable":true,"href":"https:\/\/lebouquet.brstdev.com\/fr\/wp-json\/wp\/v2\/product_cat?post=60798"},{"taxonomy":"product_tag","embeddable":true,"href":"https:\/\/lebouquet.brstdev.com\/fr\/wp-json\/wp\/v2\/product_tag?post=60798"}],"curies":[{"name":"wp","href":"https:\/\/api.w.org\/{rel}","templated":true}]}}

<p>Un coffret cadeau composé de 3 éléments: la composition florale<a href="https://www.lebouquet.com/fr/blanc-dhiver"> &lsquo;</a>Blancs d&rsquo;hiver&rsquo;, un gnome beige, et un ensemble de décoration festif à suspendre (texte en anglais uniquement)!</p>

<p>Un coffret cadeau composé de 3 éléments: la composition florale &lsquo;Blancs d&rsquo;hiver&rsquo;, un gnome beige, et un ensemble de décoration festif à suspendre (texte en anglais uniquement)!</p>
