{"id":56409,"date":"2024-01-19T08:17:22","date_gmt":"2024-01-19T13:17:22","guid":{"rendered":"https:\/\/lebouquetnew.brstdev.com\/loving-memories-urn-arrangement\/"},"modified":"2025-08-28T10:29:02","modified_gmt":"2025-08-28T14:29:02","slug":"douce-memoire-pour-urnes","status":"publish","type":"product","link":"https:\/\/lebouquet.brstdev.com\/fr\/douce-memoire-pour-urnes\/","title":{"rendered":"Douce m\u00e9moire pour urnes"},"content":{"rendered":"<p>Cet arrangement con\u00e7u sp\u00e9cialement pour l&rsquo;urne rev\u00eate plusieurs teintes d&rsquo;orange et de rouge qui sauront rendre hommage au d\u00e9funt ou \u00e0 la d\u00e9funte<\/p>\n","protected":false},"excerpt":{"rendered":"<p>Cet arrangement con\u00e7u sp\u00e9cialement pour l&rsquo;urne rev\u00eate plusieurs teintes d&rsquo;orange et de rouge qui sauront rendre hommage au d\u00e9funt ou \u00e0 la d\u00e9funte<\/p>\n","protected":false},"featured_media":56398,"comment_status":"open","ping_status":"closed","template":"","meta":{"_acf_changed":false},"recipe":[],"product_brand":[],"product_cat":[7636,7620],"product_tag":[],"class_list":{"0":"post-56409","1":"product","2":"type-product","3":"status-publish","4":"has-post-thumbnail","6":"product_cat-arrangements-pour-les-urnes-funeraire","7":"product_cat-fleurs-funeraires-montreal","9":"first","10":"instock","11":"shipping-taxable","12":"purchasable","13":"product-type-simple"},"acf":[],"_links":{"self":[{"href":"https:\/\/lebouquet.brstdev.com\/fr\/wp-json\/wp\/v2\/product\/56409","targetHints":{"allow":["GET"]}}],"collection":[{"href":"https:\/\/lebouquet.brstdev.com\/fr\/wp-json\/wp\/v2\/product"}],"about":[{"href":"https:\/\/lebouquet.brstdev.com\/fr\/wp-json\/wp\/v2\/types\/product"}],"replies":[{"embeddable":true,"href":"https:\/\/lebouquet.brstdev.com\/fr\/wp-json\/wp\/v2\/comments?post=56409"}],"wp:featuredmedia":[{"embeddable":true,"href":"https:\/\/lebouquet.brstdev.com\/fr\/wp-json\/wp\/v2\/media\/56398"}],"wp:attachment":[{"href":"https:\/\/lebouquet.brstdev.com\/fr\/wp-json\/wp\/v2\/media?parent=56409"}],"wp:term":[{"taxonomy":"recipe","embeddable":true,"href":"https:\/\/lebouquet.brstdev.com\/fr\/wp-json\/wp\/v2\/recipe?post=56409"},{"taxonomy":"product_brand","embeddable":true,"href":"https:\/\/lebouquet.brstdev.com\/fr\/wp-json\/wp\/v2\/product_brand?post=56409"},{"taxonomy":"product_cat","embeddable":true,"href":"https:\/\/lebouquet.brstdev.com\/fr\/wp-json\/wp\/v2\/product_cat?post=56409"},{"taxonomy":"product_tag","embeddable":true,"href":"https:\/\/lebouquet.brstdev.com\/fr\/wp-json\/wp\/v2\/product_tag?post=56409"}],"curies":[{"name":"wp","href":"https:\/\/api.w.org\/{rel}","templated":true}]}}

Douce mémoire pour urnes

<p>Cet arrangement conçu spécialement pour l&rsquo;urne revête plusieurs teintes d&rsquo;orange et de rouge qui sauront rendre hommage au défunt ou à la défunte</p>
