{"id":53469,"date":"2024-01-19T07:16:44","date_gmt":"2024-01-19T12:16:44","guid":{"rendered":"https:\/\/lebouquetnew.brstdev.com\/the-ftd-remembrance-arrangement\/"},"modified":"2025-11-07T15:09:34","modified_gmt":"2025-11-07T20:09:34","slug":"hommage-floral-pour-urnes","status":"publish","type":"product","link":"https:\/\/lebouquet.brstdev.com\/fr\/hommage-floral-pour-urnes\/","title":{"rendered":"Hommage floral pour urnes"},"content":{"rendered":"<p>Des roses rose p\u00e2le&nbsp;fuchsia et des rosettes sont mis en valeur par de la verdure afin de former un arrangement exquis qui contourne la base de l\u2019urne. Cette&nbsp;pr\u00e9sentation chaleureuse et r\u00e9confortante comm\u00e9more avec respect&nbsp;la vie d&rsquo;une personne tant aim\u00e9e.&nbsp;<br \/><i>Bougies non incluses<\/i><\/p>\n<p>Mesure environ 27&Prime; de long.<\/p>\n","protected":false},"excerpt":{"rendered":"<p style=\"text-align:center\">Environ 27&Prime; de long<\/p>\n","protected":false},"featured_media":53457,"comment_status":"open","ping_status":"closed","template":"","meta":{"_acf_changed":false},"recipe":[],"product_brand":[],"product_cat":[7636,7620],"product_tag":[],"class_list":{"0":"post-53469","1":"product","2":"type-product","3":"status-publish","4":"has-post-thumbnail","6":"product_cat-arrangements-pour-les-urnes-funeraire","7":"product_cat-fleurs-funeraires-montreal","9":"first","10":"instock","11":"shipping-taxable","12":"purchasable","13":"product-type-simple"},"acf":[],"_links":{"self":[{"href":"https:\/\/lebouquet.brstdev.com\/fr\/wp-json\/wp\/v2\/product\/53469","targetHints":{"allow":["GET"]}}],"collection":[{"href":"https:\/\/lebouquet.brstdev.com\/fr\/wp-json\/wp\/v2\/product"}],"about":[{"href":"https:\/\/lebouquet.brstdev.com\/fr\/wp-json\/wp\/v2\/types\/product"}],"replies":[{"embeddable":true,"href":"https:\/\/lebouquet.brstdev.com\/fr\/wp-json\/wp\/v2\/comments?post=53469"}],"wp:featuredmedia":[{"embeddable":true,"href":"https:\/\/lebouquet.brstdev.com\/fr\/wp-json\/wp\/v2\/media\/53457"}],"wp:attachment":[{"href":"https:\/\/lebouquet.brstdev.com\/fr\/wp-json\/wp\/v2\/media?parent=53469"}],"wp:term":[{"taxonomy":"recipe","embeddable":true,"href":"https:\/\/lebouquet.brstdev.com\/fr\/wp-json\/wp\/v2\/recipe?post=53469"},{"taxonomy":"product_brand","embeddable":true,"href":"https:\/\/lebouquet.brstdev.com\/fr\/wp-json\/wp\/v2\/product_brand?post=53469"},{"taxonomy":"product_cat","embeddable":true,"href":"https:\/\/lebouquet.brstdev.com\/fr\/wp-json\/wp\/v2\/product_cat?post=53469"},{"taxonomy":"product_tag","embeddable":true,"href":"https:\/\/lebouquet.brstdev.com\/fr\/wp-json\/wp\/v2\/product_tag?post=53469"}],"curies":[{"name":"wp","href":"https:\/\/api.w.org\/{rel}","templated":true}]}}

<p>Des roses rose pâle&nbsp;fuchsia et des rosettes sont mis en valeur par de la verdure afin de former un arrangement exquis qui contourne la base de l’urne. Cette&nbsp;présentation chaleureuse et réconfortante commémore avec respect&nbsp;la vie d&rsquo;une personne tant aimée.&nbsp;<br /><i>Bougies non incluses</i></p>
<p>Mesure environ 27&Prime; de long.</p>
