{"id":118634,"date":"2025-08-11T15:50:48","date_gmt":"2025-08-11T19:50:48","guid":{"rendered":"https:\/\/www.lebouquet.com\/gerbera-capella-bulk-diy\/"},"modified":"2025-08-16T09:02:20","modified_gmt":"2025-08-16T13:02:20","slug":"gerberas-capella-en-vrac","status":"publish","type":"product","link":"https:\/\/lebouquet.brstdev.com\/fr\/gerberas-capella-en-vrac\/","title":{"rendered":"Gerberas Capella &#8211; en vrac"},"content":{"rendered":"<p><strong>*Pour assurer la fra\u00eecheur et la disponibilit\u00e9, veuillez commander au moins 2 semaines \u00e0 l\u2019avance.<\/strong><\/p>\n<p>Apportez une \u00e9nergie vibrante \u00e0 vos compositions florales avec nos magnifiques <strong>Gerbera Capella<\/strong>, disponibles en vrac pour vos projets DIY, mariages et \u00e9v\u00e9nements \u00e0 Montr\u00e9al. Ces fleurs de qualit\u00e9 sup\u00e9rieure pr\u00e9sentent des p\u00e9tales orange vif saisissants avec un centre fonc\u00e9 profond, id\u00e9ales pour des bouquets dynamiques, des centres de table festifs et des d\u00e9cors d\u2019\u00e9v\u00e9nements accrocheurs. R\u00e9put\u00e9s pour leur fra\u00eecheur exceptionnelle, leur longue tenue en vase et leur grande polyvalence, les Gerbera Capella se marient \u00e0 merveille avec des cr\u00e9ations florales modernes comme classiques. Id\u00e9al pour les fleuristes, organisateurs d\u2019\u00e9v\u00e9nements et passionn\u00e9s de DIY recherchant des fleurs de qualit\u00e9 \u00e0 prix avantageux.<\/p>\n","protected":false},"excerpt":{"rendered":"<p>*Pour assurer la fra\u00eecheur et la disponibilit\u00e9, veuillez commander au moins 2 semaines \u00e0 l\u2019avance. Apportez une \u00e9nergie vibrante \u00e0 vos compositions florales avec nos magnifiques Gerbera Capella, disponibles en vrac pour vos projets DIY, mariages et \u00e9v\u00e9nements \u00e0 Montr\u00e9al. Ces fleurs de qualit\u00e9 sup\u00e9rieure pr\u00e9sentent des p\u00e9tales orange vif saisissants avec un centre fonc\u00e9 [&hellip;]<\/p>\n","protected":false},"featured_media":118610,"comment_status":"open","ping_status":"closed","template":"","meta":{"_acf_changed":false},"recipe":[],"product_brand":[],"product_cat":[18341,17456,17169,7674,18351,17454,17468],"product_tag":[],"class_list":{"0":"post-118634","1":"product","2":"type-product","3":"status-publish","4":"has-post-thumbnail","6":"product_cat-fleurs-en-vrac-par-couleur","7":"product_cat-standard-gerbera","8":"product_cat-fleurs-en-vrac","9":"product_cat-fleurs-en-vrac-gros-montreal","10":"product_cat-fleurs-en-vrac-orange","11":"product_cat-gerbera-en-vrac","12":"product_cat-gerbera-standard-fr","14":"first","15":"instock","16":"shipping-taxable","17":"purchasable","18":"product-type-simple"},"acf":[],"_links":{"self":[{"href":"https:\/\/lebouquet.brstdev.com\/fr\/wp-json\/wp\/v2\/product\/118634","targetHints":{"allow":["GET"]}}],"collection":[{"href":"https:\/\/lebouquet.brstdev.com\/fr\/wp-json\/wp\/v2\/product"}],"about":[{"href":"https:\/\/lebouquet.brstdev.com\/fr\/wp-json\/wp\/v2\/types\/product"}],"replies":[{"embeddable":true,"href":"https:\/\/lebouquet.brstdev.com\/fr\/wp-json\/wp\/v2\/comments?post=118634"}],"wp:featuredmedia":[{"embeddable":true,"href":"https:\/\/lebouquet.brstdev.com\/fr\/wp-json\/wp\/v2\/media\/118610"}],"wp:attachment":[{"href":"https:\/\/lebouquet.brstdev.com\/fr\/wp-json\/wp\/v2\/media?parent=118634"}],"wp:term":[{"taxonomy":"recipe","embeddable":true,"href":"https:\/\/lebouquet.brstdev.com\/fr\/wp-json\/wp\/v2\/recipe?post=118634"},{"taxonomy":"product_brand","embeddable":true,"href":"https:\/\/lebouquet.brstdev.com\/fr\/wp-json\/wp\/v2\/product_brand?post=118634"},{"taxonomy":"product_cat","embeddable":true,"href":"https:\/\/lebouquet.brstdev.com\/fr\/wp-json\/wp\/v2\/product_cat?post=118634"},{"taxonomy":"product_tag","embeddable":true,"href":"https:\/\/lebouquet.brstdev.com\/fr\/wp-json\/wp\/v2\/product_tag?post=118634"}],"curies":[{"name":"wp","href":"https:\/\/api.w.org\/{rel}","templated":true}]}}

<p><strong>*Pour assurer la fraîcheur et la disponibilité, veuillez commander au moins 2 semaines à l’avance.</strong></p>
<p>Apportez une énergie vibrante à vos compositions florales avec nos magnifiques <strong>Gerbera Capella</strong>, disponibles en vrac pour vos projets DIY, mariages et événements à Montréal. Ces fleurs de qualité supérieure présentent des pétales orange vif saisissants avec un centre foncé profond, idéales pour des bouquets dynamiques, des centres de table festifs et des décors d’événements accrocheurs. Réputés pour leur fraîcheur exceptionnelle, leur longue tenue en vase et leur grande polyvalence, les Gerbera Capella se marient à merveille avec des créations florales modernes comme classiques. Idéal pour les fleuristes, organisateurs d’événements et passionnés de DIY recherchant des fleurs de qualité à prix avantageux.</p>

<p>*Pour assurer la fraîcheur et la disponibilité, veuillez commander au moins 2 semaines à l’avance. Apportez une énergie vibrante à vos compositions florales avec nos magnifiques Gerbera Capella, disponibles en vrac pour vos projets DIY, mariages et événements à Montréal. Ces fleurs de qualité supérieure présentent des pétales orange vif saisissants avec un centre foncé [&hellip;]</p>
