{"id":115540,"date":"2025-06-16T10:30:52","date_gmt":"2025-06-16T14:30:52","guid":{"rendered":"https:\/\/www.lebouquet.com\/mini-gerbera-madison-bulk-diy\/"},"modified":"2025-08-13T06:16:54","modified_gmt":"2025-08-13T10:16:54","slug":"mini-gerberas-madison-en-vrac","status":"publish","type":"product","link":"https:\/\/lebouquet.brstdev.com\/fr\/mini-gerberas-madison-en-vrac\/","title":{"rendered":"Mini Gerberas Madison &#8211; en vrac"},"content":{"rendered":"<p><i><strong>*Pour garantir la fra\u00eecheur et la disponibilit\u00e9, veuillez commander 2 \u00e0 3 semaines \u00e0 l&rsquo;avance.<\/strong><\/i><\/p>\n<p>Ajoutez une touche vibrante et audacieuse \u00e0 vos cr\u00e9ations florales gr\u00e2ce \u00e0 nos <strong>mini gerberas Madison<\/strong> cultiv\u00e9s localement. Leur couleur orange \u00e9clatante et leur centre fonc\u00e9 apportent une belle intensit\u00e9 visuelle \u00e0 tous les bouquets DIY, arrangements festifs ou d\u00e9corations saisonni\u00e8res. Avec des tiges solides de 22 \u00e0 24 pouces, elles s\u2019int\u00e8grent facilement \u00e0 une grande vari\u00e9t\u00e9 de compositions florales.<\/p>\n<p>Le mini gerbera Madison est parfait pour dynamiser vos projets floraux avec style et couleur.<\/p>\n<p><strong>Caract\u00e9ristiques :<\/strong><\/p>\n<p><strong>Longueur :<\/strong> 22 \u00e0 24 pouces<\/p>\n<p><strong>Couleur :<\/strong> Orange vif avec centre fonc\u00e9<\/p>\n<p><strong>Id\u00e9al pour :<\/strong> Bouquets DIY, \u00e9v\u00e9nements, compositions festives, arrangements saisonniers<\/p>\n<p><strong>Conseils de pr\u00e9paration et d\u2019entretien :<\/strong><\/p>\n<p>D\u00e9ballez d\u00e8s r\u00e9ception et retirez tout l\u2019emballage.<\/p>\n<p>Coupez les tiges en biais et placez-les dans de l\u2019eau propre.<\/p>\n<p>Conservez dans un endroit frais, \u00e0 l\u2019abri du soleil.<\/p>\n<p>Changez l\u2019eau et recoupez les tiges tous les 2 \u00e0 3 jours.<\/p>\n","protected":false},"excerpt":{"rendered":"<p>*Pour garantir la fra\u00eecheur et la disponibilit\u00e9, veuillez commander 2 \u00e0 3 semaines \u00e0 l&rsquo;avance. Ajoutez une touche vibrante et audacieuse \u00e0 vos cr\u00e9ations florales gr\u00e2ce \u00e0 nos mini gerberas Madison cultiv\u00e9s localement. Leur couleur orange \u00e9clatante et leur centre fonc\u00e9 apportent une belle intensit\u00e9 visuelle \u00e0 tous les bouquets DIY, arrangements festifs ou d\u00e9corations [&hellip;]<\/p>\n","protected":false},"featured_media":115513,"comment_status":"open","ping_status":"closed","template":"","meta":{"_acf_changed":false},"recipe":[],"product_brand":[],"product_cat":[7673,17168,17416,17457,17169,7674,17454,17469],"product_tag":[],"class_list":{"0":"post-115540","1":"product","2":"type-product","3":"status-publish","4":"has-post-thumbnail","6":"product_cat-bulk-wholesale-flowers-montreal","7":"product_cat-bulk-flowers","8":"product_cat-bulk-gerbera","9":"product_cat-mini-gerbera","10":"product_cat-fleurs-en-vrac","11":"product_cat-fleurs-en-vrac-gros-montreal","12":"product_cat-gerbera-en-vrac","13":"product_cat-mini-gerbera-fr","15":"first","16":"instock","17":"shipping-taxable","18":"purchasable","19":"product-type-simple"},"acf":[],"_links":{"self":[{"href":"https:\/\/lebouquet.brstdev.com\/fr\/wp-json\/wp\/v2\/product\/115540","targetHints":{"allow":["GET"]}}],"collection":[{"href":"https:\/\/lebouquet.brstdev.com\/fr\/wp-json\/wp\/v2\/product"}],"about":[{"href":"https:\/\/lebouquet.brstdev.com\/fr\/wp-json\/wp\/v2\/types\/product"}],"replies":[{"embeddable":true,"href":"https:\/\/lebouquet.brstdev.com\/fr\/wp-json\/wp\/v2\/comments?post=115540"}],"wp:featuredmedia":[{"embeddable":true,"href":"https:\/\/lebouquet.brstdev.com\/fr\/wp-json\/wp\/v2\/media\/115513"}],"wp:attachment":[{"href":"https:\/\/lebouquet.brstdev.com\/fr\/wp-json\/wp\/v2\/media?parent=115540"}],"wp:term":[{"taxonomy":"recipe","embeddable":true,"href":"https:\/\/lebouquet.brstdev.com\/fr\/wp-json\/wp\/v2\/recipe?post=115540"},{"taxonomy":"product_brand","embeddable":true,"href":"https:\/\/lebouquet.brstdev.com\/fr\/wp-json\/wp\/v2\/product_brand?post=115540"},{"taxonomy":"product_cat","embeddable":true,"href":"https:\/\/lebouquet.brstdev.com\/fr\/wp-json\/wp\/v2\/product_cat?post=115540"},{"taxonomy":"product_tag","embeddable":true,"href":"https:\/\/lebouquet.brstdev.com\/fr\/wp-json\/wp\/v2\/product_tag?post=115540"}],"curies":[{"name":"wp","href":"https:\/\/api.w.org\/{rel}","templated":true}]}}

<p><i><strong>*Pour garantir la fraîcheur et la disponibilité, veuillez commander 2 à 3 semaines à l&rsquo;avance.</strong></i></p>
<p>Ajoutez une touche vibrante et audacieuse à vos créations florales grâce à nos <strong>mini gerberas Madison</strong> cultivés localement. Leur couleur orange éclatante et leur centre foncé apportent une belle intensité visuelle à tous les bouquets DIY, arrangements festifs ou décorations saisonnières. Avec des tiges solides de 22 à 24 pouces, elles s’intègrent facilement à une grande variété de compositions florales.</p>
<p>Le mini gerbera Madison est parfait pour dynamiser vos projets floraux avec style et couleur.</p>
<p><strong>Caractéristiques :</strong></p>
<p><strong>Longueur :</strong> 22 à 24 pouces</p>
<p><strong>Couleur :</strong> Orange vif avec centre foncé</p>
<p><strong>Idéal pour :</strong> Bouquets DIY, événements, compositions festives, arrangements saisonniers</p>
<p><strong>Conseils de préparation et d’entretien :</strong></p>
<p>Déballez dès réception et retirez tout l’emballage.</p>
<p>Coupez les tiges en biais et placez-les dans de l’eau propre.</p>
<p>Conservez dans un endroit frais, à l’abri du soleil.</p>
<p>Changez l’eau et recoupez les tiges tous les 2 à 3 jours.</p>

<p>*Pour garantir la fraîcheur et la disponibilité, veuillez commander 2 à 3 semaines à l&rsquo;avance. Ajoutez une touche vibrante et audacieuse à vos créations florales grâce à nos mini gerberas Madison cultivés localement. Leur couleur orange éclatante et leur centre foncé apportent une belle intensité visuelle à tous les bouquets DIY, arrangements festifs ou décorations [&hellip;]</p>
